 134. Suppose 0*m = 5*m - 20. Suppose -m*l = -215 + v. What is the units digit of l?
7
Suppose -2*t + 9 = -5*p - 12, -4*t + 5*p = -27. Suppose 4*f - 10 = z, f + 5*z = t*z - 2. What is the units digit of f?
2
What is the tens digit of (-41 - -15)/(-2 - 285/(-143))?
1
Let m be (16/(-6))/(-4)*6. Suppose m*g = -3 - 1. What is the units digit of 2*((-1)/2)/g?
1
Suppose 3 = -5*z - 7. Let n be (z - 5)*(-36)/14. Suppose -2*p + n = -0. What is the units digit of p?
9
Let z = 59 + -65. What is the hundreds digit of 2*z/((-24)/470)?
2
Let a = 34 + 38. Suppose -5*z + a = -228. What is the tens digit of z?
6
Suppose -22*n + 4149 = -18973. What is the hundreds digit of n?
0
Suppose -p + 251 = 2*h, 4*h = -10 - 2. What is the hundreds digit of p?
2
Suppose -p = -4*p - 24. Let j be (p - -9)/(1/(-9)). Let i = 22 + j. What is the units digit of i?
3
Let k(i) = -4 + 8*i + i + 0 + i**2. Let j(z) = -z - 1. Let n(t) = -2*j(t) + k(t). What is the units digit of n(-13)?
4
Suppose r - 1567 = 2*a, 4*a - 7849 = -4*r - r. What is the hundreds digit of r?
5
Suppose -409 = -5*g - h + 1073, -5*g = -2*h - 1491. What is the units digit of g?
7
Suppose 5*s - 20847 = -w, 48*s - 53*s - 5*w + 20855 = 0. What is the thousands digit of s?
4
Let l(j) be the first derivative of 4*j**3 + j**2 + 6*j - 5. What is the tens digit of l(-3)?
0
Let d(j) = 19*j - 11. Let t be d(4). Suppose t*r = 66*r - 141. What is the units digit of r?
1
Let n(m) = m**3 - 41*m**2 - 57*m - 77. What is the units digit of n(43)?
0
Let o = -2368 + 4690. What is the thousands digit of o?
2
What is the tens digit of (-150)/(3 + 27/(-6))?
0
Let b be (333/27 + -3)*6/4. Let k(h) = h**3 - 6*h**2 + 4*h - 1. Let t be k(3). What is the tens digit of (2 - b)*t/6?
3
Let s(i) = 10*i - 1. Let l be 4 - 1 - (43 + -4). Let r be 0/(-1) - l/9. What is the tens digit of s(r)?
3
Let x = 191 + -267. Let d = 21 - x. What is the units digit of d?
7
Suppose 2*a - 4*j + 144 - 464 = 0, j = 3*a - 505. Let k = 6 + a. What is the hundreds digit of k?
1
Let o(a) = -2*a**3 + 7*a**2 - 7*a + 4. Let h(j) = 3*j**3 - 11*j**2 + 10*j - 6. Let x(p) = -5*h(p) - 7*o(p). What is the units digit of x(5)?
2
Let d(g) = 3*g - 2. Suppose 0*i + 3*i - 48 = 0. Let y be (i/(-10))/((-1)/10). What is the units digit of d(y)?
6
What is the thousands digit of 3788*(21/6 - 3)?
1
Let t be 88 + -2 - (0 + 0). Let q = t - 39. What is the units digit of q?
7
Suppose 2*o = 6*o, 4*r + o = 16. What is the units digit of r?
4
Let r(s) = 2*s**3 + s**2 - 5. Let x be r(4). Let b = -15 - -17. Suppose 3*m = 5*o - x, -o + 2 = -b*m - 30. What is the tens digit of o?
2
Let n(y) be the first derivative of -11*y**4/4 + y**2/2 - 5. Let f be n(2). What is the units digit of (3 - f/(-4))*-2?
7
Let z = -19 - -144. Suppose -z = 16*h - 17*h. What is the hundreds digit of h?
1
Let p(x) = x - 4. Let w be p(8). Suppose -c + w*c - 57 = 0. Let l = -10 + c. What is the units digit of l?
9
Let q(y) = y**2 - 2*y + 5. Let r be q(-10). Suppose -r - 539 = -4*d. What is the units digit of d?
6
What is the hundreds digit of (-3)/((-204)/(-150705)*9/(-8))?
9
Suppose -x - 58 = -0*q - 2*q, 4*x - 76 = -3*q. Let j = 3 - 1. Suppose q = j*d - 26. What is the units digit of d?
7
Suppose -3*y = 5*l - 5*y - 19, 4*l + 5*y - 2 = 0. Suppose 10 = l*u + 2*u. Suppose u*b - 22 = b. What is the tens digit of b?
2
Let j(r) = 2*r**2 - 8*r + 3. Let h be j(3). What is the hundreds digit of (172/(-1) - h)/(1/(-1))?
1
Suppose -2*b - 4*a = -0*a + 4, 29 = 3*b - a. Suppose -9*z + 187 = b*z. What is the tens digit of z?
1
Suppose -5*g - 5 = 0, 5*q - g = -4*g - 188. Let f = 83 - 21. Let x = q + f. What is the units digit of x?
5
Let b(a) be the third derivative of 2*a**2 - 1/6*a**3 + 0 + 0*a + 1/8*a**4. What is the units digit of b(4)?
1
Suppose 3*j + 2*d - 2496 = 0, j - 818 = -0*j + 4*d. What is the units digit of j?
0
Let x(z) be the second derivative of z**5/20 - 2*z**4/3 + 5*z**3/2 - 7*z**2/2 + 17*z. What is the tens digit of x(7)?
4
Let y = 270 + 594. What is the units digit of y?
4
Suppose -35*b + 31*b + 132 = 0. Suppose a - b = -4*v, 0*v = 5*a + 5*v - 180. What is the tens digit of a?
3
Let z = -800 + 842. Let q = 7 - 12. Let x = z + q. What is the tens digit of x?
3
Suppose -3*y - 11*k + 13*k + 4474 = 0, 2*y - 2968 = 5*k. What is the thousands digit of y?
1
Suppose 0 = -22*d + 2518 + 12464. What is the units digit of d?
1
Let m(w) = 2*w**3 - 3*w**2 + 4. Let y be 6/(-4) + (-105)/(-30). What is the units digit of m(y)?
8
Let q be (-1)/8*-4*2. Suppose -4*i = -z + 3, -i + 2*z + 2 - q = 0. What is the tens digit of (3 - i)/((-20)/(-110))?
2
Suppose 6*k - 52 = 3*k - 4*t, -2*t - 24 = -k. Suppose 27 = 3*p + 4*b - 22, -k = -5*b. Let d(n) = 3*n + 14. What is the tens digit of d(p)?
4
Let m be 32/(-20)*(-15)/2. Let s = m + -4. What is the units digit of s?
8
Let t(f) = 10*f**3 + f**2 - 3*f + 2. Let d(v) = v**2 - 4*v - 4. Let r be d(5). Let y be t(r). Suppose -5*x + 7*x - y = 0. What is the units digit of x?
5
Suppose 4*d = 0, 5*f + 3*d - 2*d + 25 = 0. Let i = -3 - f. What is the tens digit of 38/i + -6 + 8?
2
Let j(h) = -h**3 - 10*h**2 - 2*h - 12. Let n be j(-10). What is the units digit of 97 + (2 - 2) + -11 + n?
4
Let r(g) = -3*g**3 - 49*g**2 + 20*g - 32. What is the tens digit of r(-18)?
2
Let h(w) = 21*w**2 + w - 1. Let t be (1/6)/(2/(-6))*-4. What is the tens digit of h(t)?
8
What is the units digit of (1 - -315)*156/48?
7
Suppose 2*u = -3*k + 15 + 11, 0 = -k - 5*u. Let y(w) = 2*w**3 - 20*w**2 + 6*w - 25. What is the tens digit of y(k)?
3
Let h(f) = 325*f - 400. What is the thousands digit of h(10)?
2
Let h = -55 - -154. Let p be (h - -6)/(1 - 0). Suppose 0 = 4*c + c - p. What is the units digit of c?
1
Let w = 3197 + -1897. What is the thousands digit of w?
1
Let p(k) = -25*k - 17. Let b be (-169)/26 - (-2)/4. What is the units digit of p(b)?
3
Let b = -47 + 58. Let v(z) = z**3 - 10*z**2 + 3*z + 4. What is the tens digit of v(b)?
5
Suppose -5*q + 0*q - 48 = -3*f, -f = 2*q + 28. Let g be (21/q)/(2/(-8)). Let m = g + 22. What is the tens digit of m?
2
Let g(j) = -3*j**2 - 34*j + 1. Let p be g(-12). Let v(s) = s**2 + 4*s - 1. Let x be v(3). Let y = x - p. What is the units digit of y?
3
Suppose -2*h = -4*g + 2*g + 3760, -3*g - 2*h = -5660. What is the tens digit of (g/18)/((-2)/(-3))?
5
Suppose 7*z - 4927 - 3277 = 0. What is the units digit of z?
2
Let k = 135 + -246. Let l = 82 - k. What is the tens digit of l?
9
What is the tens digit of (-27150)/(-100)*22/3?
9
Let z be (8/12 + -1)/((-1)/9). Suppose -4*b - z*m = -834, 4*b = 5*b + m - 209. What is the hundreds digit of b?
2
Let v be (-33)/(-22) + 5/2. Suppose 2 = v*h - 6. Suppose 47 + 7 = h*g. What is the units digit of g?
7
Let x(c) = -c**3 + 9*c**2 + 13*c. Let b be x(10). Suppose n - 2*r + 5 = 0, -4*n - 3*r + b + 5 = 0. What is the units digit of n?
5
Let g = -972 - -1627. What is the tens digit of g?
5
Let v(b) = b**3 - 6*b**2 - 4*b. Let f be v(8). Suppose 0 = 4*d - 324 + f. What is the tens digit of d?
5
Suppose -2*r - 4*a = -60 - 32, -4*r - 3*a = -179. Let t = -38 + r. What is the units digit of t?
6
Let k = 12 - 12. Let m be -11 + 4 + k - -3. What is the units digit of (-1)/(5 + m) - -9?
8
Let t(n) = 3*n + 141. Let u(y) = y**2 - 14*y + 13. Let s be u(13). Let m be t(s). Let k = m + -81. What is the tens digit of k?
6
Let f = -1279 + 3203. What is the hundreds digit of f?
9
Let r(l) = l**3 + 6*l**2 - 6*l + 7. Let c be r(-7). Let n(d) = 10*d - 4. Let w be n(1). Let a = w + c. What is the units digit of a?
6
What is the thousands digit of (1203/(-6) + -1)/((-8)/208)?
5
Let o(p) = 6*p**2 - 75*p - 50. What is the units digit of o(25)?
5
Let x(b) = -6*b + 6. Let h(v) = -6*v + 7. Let i(n) = -2*h(n) + 3*x(n). Let l be i(-3). Suppose -23 = -3*t + l. What is the units digit of t?
5
Suppose -2*m = 2, 3*m = v + 3*v - 1575. What is the units digit of v?
3
Let l = 39 - 49. Let b(p) = -2*p + 15. What is the tens digit of b(l)?
3
Let c = -124 + 127. Suppose 3*y + 12 = 0, -2*y = -3*l - c*y + 371. What is the units digit of l?
5
Suppose -1340 = 18*u - 23*u. What is the units digit of u?
8
Let a(m) = -5*m - 80. Let v = 100 + -126. What is the tens digit of a(v)?
5
Suppose -3*z - 2 = -62. Suppose -5*n + z = 0, -4*n + 243 = 5*u - 543. What is the hundreds digit of u?
1
Suppose -135 = 5*g - 8*